11)/((-44)/(-40)). List the prime factors of (95/(-3))/(-5)*b.
3, 19
Suppose -d = -u - 602, 5*d + 15*u - 17*u = 3010. What are the prime factors of d?
2, 7, 43
Let m = 173 + -90. Let s = 154 - m. List the prime factors of s.
71
Let o be (3 - 13)/(4/(-2)). Suppose -o = 2*a - 29. What are the prime factors of (a/(-8))/((-6)/88)?
2, 11
Let y be 0/((-2)/((-3)/(-3))). Suppose -4*p + 6*p - 4 = y. Suppose 6*s + 72 = p*l + 2*s, 34 = l - s. What are the prime factors of l?
2
Let c(t) = -t + 31. Let u be c(21). Suppose -554 - 796 = -u*f. List the prime factors of f.
3, 5
Let r = -171 + 310. What are the prime factors of r?
139
Let l = -466 + 1253. Suppose -3*f = -5*i + l, 11*i + 5*f - 795 = 6*i. What are the prime factors of i?
2, 79
Let t = 86 - -616. Suppose -14*g + t = -5*g. What are the prime factors of g?
2, 3, 13
Let q = -62 - -69. Suppose 10 = 4*o - 2*a + q*a, 0 = o - 2*a - 9. What are the prime factors of o?
5
Suppose -2*k - 1 + 3 = 2*n, -3*k + 3 = -4*n. Suppose 0*t - 4*t + 136 = -2*m, -t - 4*m + 43 = n. List the prime factors of t.
5, 7
Suppose 3*o = -o + 92. Suppose -4 = 21*y - o*y. Suppose 0 = -2*r + y, w + 65 = 3*w + 3*r. What are the prime factors of w?
31
Let b = 9 + -7. Suppose 0 = b*s - 7*s. Suppose 3*p = 3*g - 57, 4*g - p - 73 = -s*p. List the prime factors of g.
2, 3
Let p(n) = n**3 - 36*n**2 + 70*n + 45. List the prime factors of p(34).
113
Let g(x) = 35*x + 78. List the prime factors of g(7).
17, 19
Let t be (4/(-16))/(-2*2/32). Let r(k) = 63*k - 11. List the prime factors of r(t).
5, 23
Let p(r) = -r**2 - 11*r + 15. Let h(y) = -y + 11. Let t be h(20). List the prime factors of p(t).
3, 11
Suppose 4*r + m + 1176 = 6*r, -3*r + 1763 = -m. What are the prime factors of r?
587
Suppose 28 = 8*a + 4. Suppose 163 = a*q + 40. What are the prime factors of q?
41
Let n(f) = -f**2 + 19*f + 20. Let q be n(12). Let h = q + -47. List the prime factors of h.
3, 19
Suppose 0 = k - 5*b + 23, 4*k - k + 4*b - 26 = 0. Suppose 0 = o - k - 56. What are the prime factors of o?
2, 29
Let v be -2*((-12)/(-8) - 2). Let o = 76 + v. List the prime factors of o.
7, 11
Let k(b) = -82*b - 25. List the prime factors of k(-6).
467
Let l be ((-1)/2)/(2/(-32)). Suppose 0 = -l*b + 3*b + 40. What are the prime factors of b?
2
Let l(f) = 4*f**2 + 107*f - 17. What are the prime factors of l(-33)?
2, 101
Let n(p) = 6*p + 9. Let v be n(7). Suppose 0 = -7*l + 376 + v. Suppose 5*d - 451 = -l. List the prime factors of d.
2, 3, 13
Suppose 5*m + 31 = 4*g + 1, 3*g = 5*m + 25. Suppose 14 = 2*s - g*v + v, 0 = -s + 4*v + 5. What are the prime factors of s?
3
Suppose 0 = 3*q + 5*m + 5, q + 4*m + 4 = -0*q. Suppose 3*v - 180 = 4*j, q = -4*v + 3*j - 5*j + 240. List the prime factors of v.
2, 3, 5
Suppose -4*p + 4*c + 2143 = -8397, 4 = -2*c. What are the prime factors of p?
2633
Let j(h) = 6*h**2 - 7*h - 8. Let g be j(6). Suppose 0 = 5*l - g - 164. What are the prime factors of l?
2, 3, 11
Let r(y) be the second derivative of y**4/12 - y**3/2 - 11*y**2/2 + 2*y. What are the prime factors of r(6)?
7
Let s(a) = 33*a - 114. List the prime factors of s(18).
2, 3, 5
Let p be (-3)/(-9)*(1 - 1). Suppose 966 = -p*u + 4*u - j, 0 = -u - j + 239. List the prime factors of u.
241
Let m(q) = 16*q**2 - 3*q - 204. What are the prime factors of m(-12)?
2, 3, 89
Suppose -16905 = -6*f - 2811. What are the prime factors of f?
3, 29
Suppose 4*n + 938 - 4622 = -5*s, 5*s - 3679 = n. What are the prime factors of s?
2, 23
Suppose -1006 = -10*f + 934. What are the prime factors of f?
2, 97
Let o be (44/(-10))/((-4)/(-20)). Let m be (-5)/25 + o/(-10). List the prime factors of m + 0 + 2 - -3.
7
Let g be 50/13 - 14/(-91). Suppose 478 = 4*z - 5*x, -476 = -5*z + z + g*x. List the prime factors of 1*(z/3 + 0).
3, 13
Suppose -q + 156 = -3*s, 8*q = 4*q - 2*s + 666. What are the prime factors of q?
3, 5, 11
Suppose 45582 = 26*a + 4632. What are the prime factors of a?
3, 5, 7
Suppose 2*c - 3*c = 2. Let o be c/(-7) + (-45)/35. What are the prime factors of (-3)/o*(-1 - -9)?
2, 3
Suppose 5*c - 2443 = 392. Suppose 24*a = 17*a + c. What are the prime factors of a?
3
Let o = 0 - -4. Let p(z) = z**3 + z - 3. Let t be p(4). Suppose -o*i + t = i. What are the prime factors of i?
13
Let c = 453 + -316. List the prime factors of c.
137
What are the prime factors of 783*(6 + -7)*-1?
3, 29
Suppose 5 = d + 4. Suppose -d - 1 = f. List the prime factors of 156/9 + f/(-3).
2, 3
Let w(o) = o**2 + 4*o - 6. Let d be w(-7). Let v be 4/10 + (-6)/d. Suppose v*p - 3*p + 57 = 0. What are the prime factors of p?
19
Suppose -2*x - 33 + 667 = -4*s, s + 625 = 2*x. List the prime factors of x.
311
Suppose -3*j + 836 = 3*w - 8*j, -w + 292 = j. Suppose 0 = 6*n - 115 - w. What are the prime factors of n?
67
Suppose 3*l - 15351 = 3*u, 3818 = 3*l + 3*u - 11533. List the prime factors of l.
7, 17, 43
Let j = 9947 - 5620. List the prime factors of j.
4327
Suppose -3*a + 1987 - 165 = -2*n, 0 = a + 3*n - 622. List the prime factors of a.
2, 5, 61
Suppose 2 - 8 = 6*g. What are the prime factors of (g + 2)*(-6 + 90)?
2, 3, 7
Let h(y) = 5*y**2 - 7*y + 4. Let n(f) = -7*f - 9. Let w be n(-2). What are the prime factors of h(w)?
2, 47
Let r = 592 - 398. What are the prime factors of r?
2, 97
Suppose 5*q - 3*q - 4 = 0. Suppose 0 = 3*z + q - 17. Suppose z*j + 2*s = 245, 2*s + 147 = 3*j + 3*s. List the prime factors of j.
7
Let k be (-435)/39 + 4/26. Let b = k + 10. What are the prime factors of b*155/(-10)*2?
31
Let c(z) = -8 - 3*z + 13 + 0 + 10. What are the prime factors of c(-2)?
3, 7
Suppose -9456 = -5*i - 3*u + 1492, -4*i = 4*u - 8760. What are the prime factors of i?
11, 199
Let k = 43 - 40. Suppose -3*l + 42 = k*l. List the prime factors of l.
7
Suppose 3*k + 5*z = 34 + 129, 0 = k + 5*z - 41. Suppose -59*r - k = -60*r. List the prime factors of r.
61
Suppose 6 = -4*n + 7*n. Let q(b) = -6*b**3 + 2*b**2 - b - 1. Let a be q(-2). Suppose a = 4*i + 5*j, -5*i - n*j = -i - 54. What are the prime factors of i?
13
Suppose k + 6 = 4*k. Suppose -g + 258 = k*g. List the prime factors of g.
2, 43
Let i be 3952/64 + 6/(-8). Let c = 105 - i. What are the prime factors of c?
2, 11
Let z = -3 + -3. Let l(b) = -2*b - 6. Let u be l(z). Suppose -3*c - u = -18. What are the prime factors of c?
2
Suppose -4 = -6*r + 8. Let w(p) = 8*p**3 + p**2 + 2*p - 1. What are the prime factors of w(r)?
71
Suppose 0 = -0*p - 2*p + 24. Suppose -8*r = -p*r. Suppose -5*t - h + 211 = r, -2*t + 2*h = 2*t - 166. List the prime factors of t.
2, 3, 7
Suppose 0 = 3*j - 6*j. Suppose -3*s + 2*h + 330 = j, -6*s = -s - h - 543. Suppose 0 = v + 2*v - s. List the prime factors of v.
2, 3
Let t = 1124 + -452. What are the prime factors of t?
2, 3, 7
Suppose 0 = 5*r + r - 24. Suppose -r*g = -l + 70, -2*g = -4 + 6. What are the prime factors of l?
2, 3, 11
Suppose 0 = 56*u - 58*u + 20. What are the prime factors of (-15)/u + (-585)/(-2)?
3, 97
Suppose 8285 = 2*p - 5*s, 5*p - 2304 = 2*s + 18356. List the prime factors of p.
2, 5, 7, 59
Let g be (3/(-9))/(3/(-18)). Let h be (16/(-2))/g + 46. Suppose -3*z = 4*c - 131, -4*c = -z + 23 + h. List the prime factors of z.
7
Let v(h) = -h**3 - 5*h**2 + 6*h - 7. Let i be v(-8). Let g = i + -62. What are the prime factors of 140/g + 2/15?
2
Let b be 9/(-27)*(-45 - 0). Let c be (-1632)/(-10) - (-12)/b. Suppose c + 44 = 4*p. List the prime factors of p.
2, 13
Suppose -13*o + 3*a = -15*o + 2714, -a + 2710 = 2*o. What are the prime factors of o?
2, 677
What are the prime factors of (-7082920)/(-1352) + (-2)/(-13)?
13, 31
Let a = -15 + 22. Let n(t) = -t**3 + 7*t**2 + t. What are the prime factors of n(a)?
7
Let t = -21 - -23. Suppose -2*l + 153 = r, -7*l + t*l - 638 = -4*r. Let w = r + -106. List the prime factors of w.
3, 17
List the prime factors of 2 + (18/8)/((-66)/(-26048)).
2, 5, 89
Suppose 9 = -8*p - 7. Let x(d) = -30*d - 3. List the prime factors of x(p).
3, 19
Let s(t) = t**3 - 7*t**2 - 45*t + 19. List the prime factors of s(13).
2, 7
Suppose -28655 = -355*o + 344*o. What are the prime factors of o?
5, 521
Let q be (-4 + 11)/((-4)/248). Let z be q/(-4) + 8/(-16). What are the prime factors of -3*9/(z/(-80))?
2, 5
Suppose 2*h + 145 = 3*q, -q + 21 + 29 = h. List the prime factors of q.
7
Let l = 9 - 10. Let m be (10/15)/(l/(-51)). Let b = 48 - m. What are the prim